te the remainder when 682533 is divided by 2702.
1629
What is the remainder when 5351092 is divided by 52?
32
What is the remainder when 17305 is divided by 2460?
85
Calculate the remainder when 909869 is divided by 30320.
269
What is the remainder when 37272634 is divided by 18?
16
Calculate the remainder when 78177284 is divided by 249.
248
What is the remainder when 13189496 is divided by 60?
56
What is the remainder when 56731 is divided by 9450?
31
What is the remainder when 38334 is divided by 35?
9
What is the remainder when 220812 is divided by 2105?
1892
Calculate the remainder when 225149 is divided by 111797.
1555
What is the remainder when 5650726 is divided by 627856?
22
What is the remainder when 2009712 is divided by 4?
0
Calculate the remainder when 1983037 is divided by 879.
13
What is the remainder when 4019237857 is divided by 307?
304
What is the remainder when 4229736 is divided by 2225?
11
Calculate the remainder when 123226 is divided by 364.
194
Calculate the remainder when 18110710 is divided by 128.
118
What is the remainder when 13908255 is divided by 4836?
4755
What is the remainder when 14977706 is divided by 18?
14
Calculate the remainder when 526833 is divided by 13473.
1386
Calculate the remainder when 244963 is divided by 174.
145
Calculate the remainder when 448768 is divided by 2097.
10
What is the remainder when 61880 is divided by 4785?
4460
Calculate the remainder when 3391315 is divided by 295.
290
What is the remainder when 983855 is divided by 4472?
15
What is the remainder when 2050465 is divided by 46?
15
Calculate the remainder when 559646 is divided by 69949.
54
What is the remainder when 70113 is divided by 3163?
527
Calculate the remainder when 44377366 is divided by 11094338.
14
Calculate the remainder when 93393 is divided by 5511.
5217
What is the remainder when 47781303 is divided by 1307?
1304
Calculate the remainder when 1559977 is divided by 105.
97
Calculate the remainder when 1761360 is divided by 8347.
143
What is the remainder when 29355269 is divided by 50964?
5
What is the remainder when 99893 is divided by 513?
371
Calculate the remainder when 76723 is divided by 25517.
172
What is the remainder when 177141 is divided by 35406?
111
Calculate the remainder when 40860 is divided by 9793.
1688
What is the remainder when 328852599 is divided by 78?
75
What is the remainder when 41419 is divided by 8318?
8147
What is the remainder when 16582166 is divided by 95?
11
What is the remainder when 10975470 is divided by 39480?
30
What is the remainder when 14648454 is divided by 45?
9
Calculate the remainder when 80375 is divided by 40104.
167
Calculate the remainder when 286963300 is divided by 123.
118
Calculate the remainder when 574824 is divided by 95783.
126
Calculate the remainder when 833484 is divided by 69456.
12
What is the remainder when 5605697 is divided by 312?
305
What is the remainder when 22399808 is divided by 1087?
1086
Calculate the remainder when 410534 is divided by 745.
39
What is the remainder when 326387 is divided by 1989?
191
What is the remainder when 952443 is divided by 34012?
107
Calculate the remainder when 108309 is divided by 15249.
1566
What is the remainder when 123611921 is divided by 126?
125
What is the remainder when 611440 is divided by 122196?
460
Calculate the remainder when 137341 is divided by 3511.
412
What is the remainder when 1936458 is divided by 8002?
7976
Calculate the remainder when 44634 is divided by 21421.
1792
Calculate the remainder when 113430577 is divided by 56715287.
3
What is the remainder when 6890935 is divided by 3646?
3641
Calculate the remainder when 6116 is divided by 3.
2
What is the remainder when 205494 is divided by 304?
294
What is the remainder when 333276 is divided by 2455?
1851
What is the remainder when 58980 is divided by 5687?
2110
What is the remainder when 116308 is divided by 83?
25
Calculate the remainder when 11315428 is divided by 5657714.
0
What is the remainder when 72500 is divided by 71061?
1439
Calculate the remainder when 126146 is divided by 3893.
1570
What is the remainder when 4540756 is divided by 283797?
4
What is the remainder when 14010985 is divided by 12226?
12215
What is the remainder when 159261 is divided by 19614?
2349
What is the remainder when 2559316 is divided by 449?
16
What is the remainder when 12268058 is divided by 57?
5
Calculate the remainder when 169010901 is divided by 10563180.
21
Calculate the remainder when 343555 is divided by 883.
68
What is the remainder when 402313 is divided by 2047?
1101
Calculate the remainder when 31391123 is divided by 31.
27
What is the remainder when 159377336 is divided by 60994?
14
Calculate the remainder when 44034943 is divided by 8806985.
18
Calculate the remainder when 161737 is divided by 505.
137
What is the remainder when 55033 is divided by 240?
73
What is the remainder when 622646 is divided by 1308?
38
What is the remainder when 90587 is divided by 19?
14
Calculate the remainder when 1245234 is divided by 2843.
0
What is the remainder when 28159 is divided by 3999?
166
Calculate the remainder when 180347 is divided by 69.
50
What is the remainder when 1704343 is divided by 189362?
85
What is the remainder when 71954146 is divided by 28?
26
Calculate the remainder when 169373 is divided by 21163.
69
What is the remainder when 14706484 is divided by 706?
504
Calculate the remainder when 5632618 is divided by 28.
26
What is the remainder when 349438 is divided by 15158?
804
What is the remainder when 84644 is divided by 35?
14
What is the remainder when 39378006 is divided by 7773?
7761
What is the remainder when 3223326 is divided by 263?
261
Calculate the remainder when 40461 is divided by 13362.
375
What is the remainder when 1451729 is divided by 446?
445
What is the remainder when 415280 is divided by 7685?
290
What is the remainder when 628446 is divided by 82?
80
What is the remainder when 10708574 is divided by 139072?
30
What is the remainder when 6767295 is divided by 1404?
15
What is the remainder when 153265118 is divided by 89?
87
Calculate the remainder when 2514431 is divided by 28573.
7
What is the remainder when 1513207 is divided by 2262?
2191
Calculate the remainder when 131554093 is divided by 66711.
1
Calculate the remainder when 4629746 is divided by 330694.
30
What is the remainder when 2280175 is divided by 238?
135
What is the remainder when 1608794 is divided by 6487?
18
Calculate the remainder when 52976 is divided by 1653.
80
What is the remainder when 76726 is divided by 12786?
10
What is the remainder when 12268206 is divided by 258?
48
What is the remainder when 1125876 is divided by 17?
0
What is the remainder when 1254104 is divided by 98?
96
What is the remainder when 2416235 is divided by 472?
67
What is the remainder when 4753239 is divided by 222?
219
Calculate the remainder when 418435 is divided by 368.
19
Calculate the remainder when 667357 is divided by 51295.
522
What is the remainder when 969936 is divided by 548?
524
Calculate the remainder when 392773 is divided by 64930.
3193
What is the remainder when 3059251 is divided by 372?
295
Calculate the remainder when 71598934 is divided by 361.
360
What is the remainder when 19533 is divided by 4474?
1637
Calculate the remainder when 1470261 is divided by 490059.
84
What is the remainder when 533932 is divided by 549?
304
Calculate the remainder when 24951463 is divided by 24951457.
6
Calculate the remainder when 918106 is divided by 89.
71
What is the remainder when 4218904 is divided by 266?
144
Calculate the remainder when 184039800 is divided by 7.
0
What is the remainder when 7312 is divided by 3826?
3486
What is the remainder when 15834255 is divided by 9?
6
Calculate the remainder when 11439 is divided by 2287.
4
Calculate the remainder when 213676 is divided by 1682.
62
Calculate the remainder when 999396 is divided by 1635.
411
What is the remainder when 3093457 is divided by 134498?
3
What is the remainder when 193582 is divided by 4030?
142
What is the remainder when 94582469 is divided by 10?
9
Calculate the remainder when 13016 is divided by 1769.
633
What is the remainder when 97032379 is divided by 32344126?
1
Calculate the rema